rime factors of i?
2, 13
Let w be (4 - 5)*(0 - 2). Let m(z) = z. Let u be m(w). Suppose 2*k = -4*g - u*k, 5*g - 12 = -k. List the prime factors of g.
3
Let a be 933/21 + (-3)/7. Suppose r + a = 3*r. What are the prime factors of r?
2, 11
Let o be (-4 + 3)*(10 - 1). Let v = o + 11. What are the prime factors of v?
2
List the prime factors of ((-2)/(-2))/(2/50).
5
Let v be -4 + 7 - 3/1. What are the prime factors of (-1 - (v + -2)) + 6?
7
Let c(f) = -f**3 + 2*f**2 + f. Let h be c(2). Suppose h*z = -3*n + 14, -5*n = -n - z - 26. List the prime factors of n.
2, 3
What are the prime factors of (10/20)/(1/386)?
193
Suppose 4*j + 6 = -2. List the prime factors of (48/(-30))/(j/25).
2, 5
Let b(q) = q**3 - 5*q**2 - 3*q - 8. Let h be b(6). Let w be 3/(-2 + h/6). List the prime factors of 170/45 + (-2)/w.
2
Suppose -7 - 3 = -2*o. Let s = o + -2. What are the prime factors of s?
3
Let w = -162 - -431. What are the prime factors of w?
269
Suppose -57 = 4*i + 2*n - 269, -5*i - 5*n = -265. List the prime factors of i.
53
Let i(x) = x**3 + x. Let g(w) = -7*w**3 + w**2 - 6*w - 1. Let j(y) = g(y) + 5*i(y). Let v be j(-1). Suppose -t + 16 = v*t. List the prime factors of t.
2
Suppose 0*j + 5*a - 403 = -3*j, -2*j - 3*a = -269. What are the prime factors of j?
2, 17
Suppose 5*v + 3*u - 143 + 34 = 0, 3*u = 9. List the prime factors of v.
2, 5
Let o(z) = -z**2 + 3*z + 1. Let d be o(3). Suppose 5*v = 19 + d. What are the prime factors of v?
2
Suppose -5*d + 11 + 4 = 0, -5*j + 2*d = -39. Let i be (-1 - 23)*j/(-6). Let w = i + -26. What are the prime factors of w?
2, 5
Let d = 20 + -9. Let k be -4 + (3 - 0) + d. List the prime factors of (-106)/(-10) + 4/k.
11
Let u(n) = n**3 + 3*n**2 + 4. Let m be u(-3). Suppose 4*y + 2*k - 66 = m*k, 5*y - 84 = 3*k. What are the prime factors of y?
3, 5
Suppose -2*d = m - 3*m, 0 = -4*d + 5*m - 4. Let c = 49 - d. Suppose -2*t + c = 3*t. What are the prime factors of t?
3
Suppose -5*r + 4*q = 9, -r + 0 = 5*q - 4. Let z(v) = 6*v**2 - 2*v - 1. List the prime factors of z(r).
7
Let z(m) = -4*m**2 - 5*m**3 + 4*m**3 - 2*m + 2*m - 2*m. List the prime factors of z(-5).
5, 7
Let w(n) = -2*n - 20. Let g be w(-9). Let a(x) = 4*x**2 - 4 + 4*x + 7 - 2*x**2. What are the prime factors of a(g)?
3
Suppose -2*z - z + 9 = 0. Suppose q - 2*q + z = 0. What are the prime factors of ((-1)/(-3))/(q/63)?
7
Let q(p) be the third derivative of 0 - 1/6*p**3 - p**2 + 1/4*p**4 + 1/120*p**6 - 1/12*p**5 + 0*p. List the prime factors of q(4).
7
Suppose n - 5 = -l, 5*l - 19 = -4*n + 5. Suppose -4*m + 2*m + l*p + 68 = 0, -3*m + 62 = 4*p. List the prime factors of m.
2, 13
Suppose -2 + 4 = o, 3*z = -2*o + 112. What are the prime factors of z?
2, 3
Let i(m) = m**2 - m - 4. Let x be i(-7). Let v be x/(-10) + (-5)/(-25). List the prime factors of (-4)/20 - 81/v.
2
Let d(a) be the first derivative of 15*a**4/4 + a**3/3 - a**2/2 + 4. Let h be d(1). What are the prime factors of (6/h)/((-1)/(-10))?
2
Suppose -4*f + f = -4*t + 163, 86 = 3*t + 5*f. List the prime factors of t.
37
Let j(v) = -v. Let x be j(1). Let t be (-1)/((-1)/x)*-3. Suppose -2*c + 25 = t*c. What are the prime factors of c?
5
Suppose 0 = 4*o - 30 - 10. What are the prime factors of o?
2, 5
Suppose 3*g = 2*b - 427, 180 = 2*b - g - 245. What are the prime factors of b?
2, 53
Suppose -2*h = -3*x - 3 + 11, -4*h + 3*x = 4. Suppose -5 - 5 = -h*z. Suppose -a - 12 = -z*a. List the prime factors of a.
3
Suppose -211 - 204 = 5*z. Let n = -50 - z. What are the prime factors of n?
3, 11
Suppose 4*s - 16 = 0, 2*a + 2*s = s + 172. List the prime factors of a.
2, 3, 7
Let t = 11 - 5. Suppose 20 = t*f - f. Suppose -2*c + 12 = -f. List the prime factors of c.
2
Let n(o) = 4*o + 5. Let x be n(-2). List the prime factors of x/(3/1) + 10.
3
Let b(m) = m**2 - 6*m - 1. Let h be b(6). Let g = h + 3. Suppose -g*d + 7*d = 30. What are the prime factors of d?
2, 3
Let p = 10 + -6. Suppose -p*r - 1 = -9. Suppose x - r - 11 = 0. What are the prime factors of x?
13
Let o = -13 + 27. What are the prime factors of o?
2, 7
Suppose 2*x + 4*w + 60 = 6*x, 0 = 2*x - 3*w - 35. Let v be 766/x - 2/(-5). What are the prime factors of 1 + -1 - v/(-7)?
11
Let j = 16 + 4. What are the prime factors of j?
2, 5
Suppose 284 + 196 = 2*y. Suppose -3*x - 2*x = -y. List the prime factors of x.
2, 3
Suppose 81 + 24 = -3*f. Let w = -20 - f. What are the prime factors of w?
3, 5
Let t(j) = -j**3 - j**2 + 2*j + 2. What are the prime factors of t(-3)?
2, 7
Suppose 0 = -v + 5*s + 27, -5*v + 15 = 2*s + 3*s. Let b = v + -3. What are the prime factors of b?
2
Let b be (-500)/(-2 + -2) + 3. Suppose 5*i = b + 57. List the prime factors of i.
37
Let r(h) = 4*h**2 + 4*h - 25. Let x(z) = -z**2 - z + 8. Let p(c) = 2*r(c) + 7*x(c). List the prime factors of p(0).
2, 3
Let k(r) = r**3 - 5*r**2 + 3*r. Let w be k(4). Let o be 6/w*(-12)/9. Suppose 0 = 2*h - 4*f - 22, 5*h + o = -5*f + 57. List the prime factors of h.
11
Let a = -6 + 6. List the prime factors of 3 + a - (-6)/2.
2, 3
Suppose 2*m = 3*m - 2. Let d(j) = 4*j - 2. What are the prime factors of d(m)?
2, 3
Suppose 4*c = w + 17, 8 = 5*c - 2*w - 17. Let f(m) = 8*m + 5. What are the prime factors of f(c)?
29
Let o(z) = -z + 1. Let t be o(-1). List the prime factors of (-2 + (t - 2))*-3.
2, 3
Let f be ((-11)/3)/(1/3). Let s = 23 + f. What are the prime factors of s?
2, 3
Suppose 0 = -0*r + r - 1. Suppose -2*c = -0 + 4, c = a - 5. What are the prime factors of (-11)/((1 - a) + r)?
11
List the prime factors of (-5332)/(-60) - (1 + 34/(-30)).
89
Suppose 5*r - 4*t - 104 - 9 = 0, -3*t + 9 = 0. List the prime factors of r.
5
Let r be (-1 - 2/(-3))*-3. Let c = r - -4. Suppose c = -i + 14. List the prime factors of i.
3
Suppose 3*h + 0*w = 2*w + 3, 4*w = h - 11. List the prime factors of ((-1)/(h/(-4)))/(-2).
2
Suppose 2*j = 77 + 69. What are the prime factors of j?
73
Suppose 5*g - 4*g = 50. Suppose -5*m = -5*x + 50, 5*x - 3*m - g = -0*m. What are the prime factors of x?
2, 5
Suppose 16 + 16 = 4*i. Suppose 5*f = 4*n - 30, -4*n - 3*f = i - 22. What are the prime factors of n?
5
Let w = -101 - -128. What are the prime factors of w?
3
Suppose -h - 5*l = -48, 4*h + l = -0*h + 97. What are the prime factors of h?
23
Suppose 0 = 3*b - 5*b + 68. Let m = -19 + b. List the prime factors of m.
3, 5
Let z be 2 + 7/((-14)/68). What are the prime factors of (z/(-24))/((-4)/(-90))?
2, 3, 5
Suppose 5*p + 10 = 7*p. What are the prime factors of p?
5
Let r(d) be the second derivative of d**4/12 + d**3 + d**2 + d. List the prime factors of r(-7).
3
Let m(w) = -w**2 + 17*w + 29. What are the prime factors of m(16)?
3, 5
Let v(p) = 4*p**2 + 6*p - 10. List the prime factors of v(-7).
2, 3
Suppose -g - 2*d = -2, d = 3*g + 2*d + 9. Let o(h) be the second derivative of -h**3/3 + h**2 - h. List the prime factors of o(g).
2, 5
Let o = 37 - 17. Let w = o - 9. List the prime factors of w.
11
Suppose -3*p + 4 = -2. Suppose -2*x - 12 = -p, -1 = -4*s - 3*x. List the prime factors of s.
2
What are the prime factors of (-2 + -22)/(3/(-6))?
2, 3
Suppose -2*d - 5*c = -427, 7 = c + 2. List the prime factors of d.
3, 67
Suppose 2*p + 2 = 2*s, 5*p + 0*p = 3*s + 3. Suppose -319 = -s*z + 25. What are the prime factors of z/7 + 4/(-14)?
2, 3
Let j = -13 - -9. Let w(f) = -3*f - 2. List the prime factors of w(j).
2, 5
Let n = -52 + 135. List the prime factors of n.
83
Let u(y) be the second derivative of -17*y**3/6 - y**2/2 - 2*y. Suppose 4*w + 7 = n - 4*n, -5*n - 5*w - 10 = 0. What are the prime factors of u(n)?
2
Let n(f) = 2*f + 2. Let k be n(-3). Let x(l) = -1. Let r(p) = p - 5. Let s(c) = -r(c) + 2*x(c). What are the prime factors of s(k)?
7
Let a be -2*2 + (-144)/8. Let j(p) = 13*p + 4. Let q be j(3). Let k = q + a. List the prime factors of k.
3, 7
Let t(c) = 2*c - 10. Let o be 8 + 0/(-3) + 0. Suppose 0 = r - o. List the prime factors of t(r).
2, 3
Let b(p) = -7 + p - 4 + 12. What are the prime factors of b(4)?
5
Suppose -9 - 9 = -w. List the prime factors of w.
2, 3
Let o = 8 + -3. Let x be (2 + -76)/(-1 - 1). Suppose f - x = -5*j + 5*f, 0 = -j + o*f + 20. What are the prime factors of j?
5
Suppose l - 2 = -l. List the prime factors of (4/(-6))/(l/(-9)).
2, 3
Let u(q) = -q**2 + 3*q + 5. Let t be u(4). List the prime factors of t/((16/(-52))/(-4)).
13
Let z = 5 